posite?
False
Is 61331 composite?
False
Is 14503 prime?
True
Is 302079 a composite number?
True
Is 155341 a prime number?
False
Is 353195 a composite number?
True
Is 5381 prime?
True
Is 9509 composite?
True
Is 4327 composite?
False
Is 794917 composite?
True
Is 5755 a composite number?
True
Is 87767 a composite number?
False
Is 61521 a prime number?
False
Is 9617 a composite number?
True
Is 67 a composite number?
False
Is 253621 a prime number?
False
Is 1827509 a composite number?
False
Is 76403 a prime number?
True
Is 184123 prime?
False
Is 849571 a composite number?
False
Is 11906 a composite number?
True
Is 44171 prime?
True
Is 6899 a prime number?
True
Is 141781 a prime number?
False
Is 1934729 a prime number?
True
Is 18805 prime?
False
Is 11533 composite?
True
Is 27149 prime?
False
Is 16333 a composite number?
False
Is 23969 composite?
True
Is 20711 composite?
True
Is 115669 a prime number?
False
Is 11667 a prime number?
False
Is 653791 a composite number?
True
Is 147479 a prime number?
False
Is 3261 composite?
True
Is 78977 composite?
False
Is 9509 a composite number?
True
Is 3560465 a composite number?
True
Is 2477 a composite number?
False
Is 208099 a prime number?
True
Is 465967 composite?
True
Is 537859 composite?
True
Is 6533 composite?
True
Is 344731 prime?
False
Is 25391 prime?
True
Is 2609 a prime number?
True
Is 296627 prime?
True
Is 32869 composite?
False
Is 40913 composite?
True
Is 60029 composite?
False
Is 979609 prime?
False
Is 4293446 composite?
True
Is 87677 composite?
True
Is 11101 a prime number?
False
Is 67741 prime?
True
Is 548861 a prime number?
True
Is 144439 prime?
True
Is 20989 a prime number?
False
Is 29119 a composite number?
True
Is 2317 composite?
True
Is 3973 a prime number?
False
Is 55983 prime?
False
Is 2503 a composite number?
False
Is 60859 a composite number?
False
Is 1203121 a composite number?
False
Is 117809 a prime number?
True
Is 10831 composite?
False
Is 187 a prime number?
False
Is 84701 composite?
False
Is 5779 prime?
True
Is 43523 a prime number?
False
Is 92029 a composite number?
True
Is 7832723 composite?
False
Is 10723 a composite number?
False
Is 33119 a prime number?
True
Is 70631 a composite number?
True
Is 3760001 prime?
False
Is 15661 prime?
True
Is 61861 a composite number?
False
Is 1155421 a prime number?
False
Is 40577 a prime number?
True
Is 62851 a composite number?
False
Is 74463 composite?
True
Is 1256401 a composite number?
True
Is 16999 a prime number?
False
Is 33107 composite?
False
Is 93046 a prime number?
False
Is 295719 a composite number?
True
Is 6799937 a prime number?
True
Is 320791 a prime number?
True
Is 6701 a composite number?
False
Is 37649 a prime number?
True
Is 38039 a composite number?
False
Is 44111 prime?
True
Is 14633 composite?
False
Is 195523 composite?
True
Is 785527 prime?
True
Is 609923 prime?
True
Is 102269 a prime number?
False
Is 2430573 prime?
False
Is 37481 composite?
True
Is 237959 a prime number?
True
Is 44921 a prime number?
False
Is 565 prime?
False
Is 1584547 prime?
True
Is 1840513 prime?
False
Is 7529 prime?
True
Is 1036723 prime?
False
Is 925289 a composite number?
True
Is 292837 a composite number?
False
Is 55283 composite?
True
Is 40637 a prime number?
True
Is 844549 a composite number?
False
Is 125017 a prime number?
True
Is 2965 a composite number?
True
Is 1728809 a composite number?
False
Is 135367 prime?
True
Is 3261 a composite number?
True
Is 98999 composite?
False
Is 379191 a composite number?
True
Is 5437 a composite number?
False
Is 20053 a prime number?
False
Is 2459 a composite number?
False
Is 6389 a composite number?
False
Is 701 a prime number?
True
Is 2077891 prime?
True
Is 172001 prime?
True
Is 9827 a composite number?
True
Is 70451 a composite number?
False
Is 320719 a composite number?
True
Is 127207 prime?
True
Is 2790415 a composite number?
True
Is 33035 a prime number?
False
Is 19697 composite?
False
Is 6557 composite?
True
Is 150341 prime?
False
Is 70031 a prime number?
False
Is 51101 composite?
True
Is 4289 prime?
True
Is 445427 prime?
True
Is 149579 a composite number?
False
Is 73181 a composite number?
False
Is 705509 a composite number?
True
Is 210281 prime?
False
Is 473545 a prime number?
False
Is 3002723 a prime number?
True
Is 1593389 composite?
True
Is 46489 a prime number?
True
Is 593 composite?
False
Is 550951 a prime number?
True
Is 2319 a prime number?
False
Is 44207 a composite number?
False
Is 1374653 prime?
False
Is 4333853 a composite number?
False
Is 479597 composite?
True
Is 40094 a composite number?
True
Is 12539 a composite number?
False
Is 701 composite?
False
Is 136811 composite?
False
Is 1671139 composite?
False
Is 175493 composite?
False
Is 8651 composite?
True
Is 40505 a composite number?
True
Is 635857 a composite number?
True
Is 23233 prime?
False
Is 151853 a composite number?
True
Is 46261 prime?
True
Is 31307 a composite number?
False
Is 8329 composite?
False
Is 1673339 a composite number?
False
Is 201226 composite?
True
Is 4573 a composite number?
True
Is 476529 a prime number?
False
Is 34183 prime?
True
Is 199851 a prime number?
False
Is 4885 a composite number?
True
Is 10061 composite?
False
Is 375353 a prime number?
False
Is 608653 a composite number?
False
Is 1039 prime?
True
Is 2333 composite?
False
Is 29242 a composite number?
True
Is 730837 a composite number?
False
Is 50831 prime?
False
Is 184153 a composite number?
False
Is 235997 composite?
False
Is 30089 composite?
False
Is 2845 a composite number?
True
Is 37358 composite?
True
Is 1363 a prime number?
False
Is 31411 composite?
True
Is 373 composite?
False
Is 436613 a prime number?
False
Is 725273 composite?
False
Is 254149 prime?
False
Is 106273 composite?
False
Is 340007 composite?
False
Is 34061 prime?
True
Is 12791 composite?
False
Is 192233 a composite number?
False
Is 120287 composite?
True
Is 42019 composite?
False
Is 465721 a composite number?
False
Is 22431 a composite number?
True
Is 31247 a composite number?
False
Is 94079 a prime number?
True
Is 39659 a composite number?
False
Is 2361 prime?
False
Is 69371 composite?
False
Is 41579 a prime number?
True
Is 17807 composite?
False
Is 1057981 a prime number?
True
Is 12031 a prime number?
False
Is 5489 composite?
True
Is 8782 prime?
False
Is 255389 composite?
True
Is 55039 prime?
False
Is 583 a prime number?
False
Is 233767 a composite number?
True
Is 306237 a prime number?
False
Is 56767 a prime number?
True
Is 19739 a prime number?
True
Is 44417 composite?
False
Is 1363 prime?
False
Is 30815 a composite number?
True
Is 130079 prime?
True
Is 15403 a composite number?
True
Is 2629091 a prime number?
True
Is 14845 composite?
True
Is 129953 a composite number?
False
Is 20714 a prime number?
False
Is 105073 composite?
True
Is 77057 a composite number?
True
Is 9327 a composite number?
True
Is 5737 composite?
False
Is 66779 prime?
False
Is 41113 prime?
True
Is 478321 a composite number?
False
Is 1376041 a prime number?
False
Is 144185 a prime number?
False
Is 10663 composite?
False
Is 10195 prime?
False
Is 180753 composite?
True
Is 7754 prime?
False
Is 258979 prime?
False
Is 583 prime?
False
Is 335243 a prime number?
False
Is 12895 composite?
True
Is 2416837 prime?
True
Is 145753 a composite number?
False
Is 76801 prime?
True
Is 93169 composite?
False
Is 1655 a composite number?
True
Is 434803 a prime number?
True
Is 42361 prime?
False
Is 138583 a prime number?
False
Is 152501 composite?
False
Is 135551 composite?
True
Is 15229 composite?
True
Is 22917 composite?
True
Is 581447 a prime number?
True
Is 3299 a prime number?
True
Is 29833 prime?
True
Is 32117 a prime number?
True
Is 202037 a prime number?
False
Is 62193 composite?
True
Is 3457 prime?
True
Is 389449 prime?
False
Is 500153 a composite number?
False
Is 37333 prime?
False
Is 672439 prime?
True
Is 474959 a composite number?
False
Is 39133 composite?
False
Is 1047787 a prime number?
False
Is 102743 prime?
False
Is 181813 a composite number?
False
Is 341942 prime?
False
Is 73257 a prime number?
False
Is 544541 prime?
False
Is 111947 composite?
True
Is 25177 a prime number?
False
Is 1352701 prime?
False
Is 38957 a composite number?
True
Is 139679 composite?
True
Is 12813 composite?
True
Is 15869 a prime number?
False
Is